 when 202 is divided by 157?
45
What is the remainder when 68 is divided by 9?
5
Calculate the remainder when 12 is divided by 11.
1
What is the remainder when 1302 is divided by 218?
212
Calculate the remainder when 81 is divided by 11.
4
Calculate the remainder when 1384 is divided by 77.
75
Calculate the remainder when 59 is divided by 37.
22
What is the remainder when 154 is divided by 67?
20
What is the remainder when 719 is divided by 12?
11
Calculate the remainder when 608 is divided by 18.
14
What is the remainder when 39 is divided by 14?
11
Calculate the remainder when 21644 is divided by 123.
119
Calculate the remainder when 4484 is divided by 2232.
20
Calculate the remainder when 908 is divided by 225.
8
Calculate the remainder when 354 is divided by 122.
110
What is the remainder when 823 is divided by 164?
3
Calculate the remainder when 5132 is divided by 53.
44
Calculate the remainder when 81 is divided by 9.
0
Calculate the remainder when 11083 is divided by 24.
19
What is the remainder when 126 is divided by 32?
30
What is the remainder when 360 is divided by 16?
8
Calculate the remainder when 50 is divided by 40.
10
What is the remainder when 245 is divided by 33?
14
Calculate the remainder when 1167 is divided by 146.
145
What is the remainder when 245 is divided by 59?
9
What is the remainder when 528 is divided by 9?
6
Calculate the remainder when 8 is divided by 8.
0
Calculate the remainder when 13021 is divided by 17.
16
Calculate the remainder when 1639 is divided by 33.
22
Calculate the remainder when 20 is divided by 14.
6
Calculate the remainder when 39 is divided by 21.
18
What is the remainder when 5262 is divided by 19?
18
Calculate the remainder when 413 is divided by 16.
13
Calculate the remainder when 372 is divided by 14.
8
What is the remainder when 350 is divided by 90?
80
Calculate the remainder when 2341 is divided by 33.
31
What is the remainder when 333 is divided by 169?
164
Calculate the remainder when 905 is divided by 131.
119
Calculate the remainder when 323 is divided by 25.
23
What is the remainder when 921 is divided by 94?
75
What is the remainder when 3900 is divided by 101?
62
What is the remainder when 5242 is divided by 16?
10
What is the remainder when 664 is divided by 164?
8
Calculate the remainder when 312 is divided by 35.
32
What is the remainder when 205 is divided by 107?
98
What is the remainder when 1307 is divided by 115?
42
Calculate the remainder when 712 is divided by 6.
4
Calculate the remainder when 507 is divided by 85.
82
Calculate the remainder when 666 is divided by 214.
24
Calculate the remainder when 719 is divided by 81.
71
What is the remainder when 1762 is divided by 28?
26
What is the remainder when 1094 is divided by 341?
71
Calculate the remainder when 635 is divided by 26.
11
What is the remainder when 638 is divided by 9?
8
What is the remainder when 5613 is divided by 216?
213
What is the remainder when 3149 is divided by 1044?
17
Calculate the remainder when 2680 is divided by 1320.
40
What is the remainder when 513 is divided by 126?
9
Calculate the remainder when 450 is divided by 138.
36
What is the remainder when 141 is divided by 29?
25
Calculate the remainder when 475 is divided by 162.
151
What is the remainder when 3118 is divided by 195?
193
Calculate the remainder when 731 is divided by 354.
23
What is the remainder when 451 is divided by 75?
1
What is the remainder when 53315 is divided by 12?
11
What is the remainder when 155 is divided by 6?
5
Calculate the remainder when 1283 is divided by 40.
3
Calculate the remainder when 81 is divided by 32.
17
What is the remainder when 438 is divided by 24?
6
What is the remainder when 52 is divided by 36?
16
What is the remainder when 10684 is divided by 32?
28
Calculate the remainder when 47 is divided by 14.
5
Calculate the remainder when 338 is divided by 76.
34
Calculate the remainder when 278 is divided by 98.
82
What is the remainder when 937 is divided by 14?
13
What is the remainder when 1018 is divided by 102?
100
What is the remainder when 46 is divided by 16?
14
Calculate the remainder when 382 is divided by 23.
14
Calculate the remainder when 1081 is divided by 26.
15
What is the remainder when 177 is divided by 41?
13
Calculate the remainder when 1782 is divided by 886.
10
Calculate the remainder when 29 is divided by 10.
9
What is the remainder when 231 is divided by 38?
3
Calculate the remainder when 1922 is divided by 39.
11
Calculate the remainder when 576 is divided by 196.
184
What is the remainder when 540 is divided by 29?
18
What is the remainder when 43933 is divided by 16?
13
Calculate the remainder when 4239 is divided by 163.
1
What is the remainder when 377 is divided by 101?
74
Calculate the remainder when 73 is divided by 20.
13
Calculate the remainder when 24765 is divided by 258.
255
What is the remainder when 182 is divided by 23?
21
Calculate the remainder when 51 is divided by 20.
11
Calculate the remainder when 201 is divided by 16.
9
What is the remainder when 166 is divided by 18?
4
What is the remainder when 338 is divided by 68?
66
What is the remainder when 1639 is divided by 817?
5
Calculate the remainder when 107 is divided by 11.
8
Calculate the remainder when 107 is divided by 35.
2
What is the remainder when 575 is divided by 105?
50
Calculate the remainder when 177 is divided by 6.
3
Calculate the remainder when 158 is divided by 5.
3
What is the remainder when 26833 is divided by 15?
13
Calculate the remainder when 338 is divided by 85.
83
Calculate the remainder when 1775 is divided by 43.
12
Calculate the remainder when 1416 is divided by 359.
339
What is the remainder when 462 is divided by 58?
56
What is the remainder when 752 is divided by 69?
62
What is the remainder when 290 is divided by 42?
38
Calculate the remainder when 681 is divided by 257.
167
What is the remainder when 55 is divided by 27?
1
Calculate the remainder when 2801 is divided by 11.
7
Calculate the remainder when 527 is divided by 48.
47
Calculate the remainder when 120 is divided by 11.
10
What is the remainder when 284 is divided by 41?
38
Calculate the remainder when 390 is divided by 92.
22
Calculate the remainder when 517 is divided by 504.
13
Calculate the remainder when 29777 is divided by 21.
20
Calculate the remainder when 275 is divided by 48.
35
Calculate the remainder when 135 is divided by 14.
9
Calculate the remainder when 74 is divided by 63.
11
What is the remainder when 414 is divided by 100?
14
Calculate the remainder when 523 is divided by 308.
215
Calculate the remainder when 5737 is divided by 198.
193
Calculate the remainder when 284 is divided by 98.
88
Calculate the remainder when 488 is divided by 14.
12
What is the remainder when 15177 is divided by 69?
66
Calculate the remainder when 165 is divided by 85.
80
What is the remainder when 466 is divided by 145?
31
Calculate the remainder when 46 is divided by 10.
6
Calculate the remainder when 66 is divided by 41.
25
What is the remainder when 65 is divided by 18?
11
Calculate the remainder when 1425 is divided by 14.
11
Calculate the remainder when 545 is divided by 127.
37
What is the remainder when 1636 is divided by 149?
146
Calculate the remainder when 838 is divided by 222.
172
Calculate the remainder when 1164 is divided by 397.
370
What is the remainder when 875 is divided by 420?
35
What is the remainder when 413 is divided by 37?
6
Calculate the remainder when 599 is divided by 86.
83
Calculate the remainder when 96 is divided by 34.
28
What is the remainder when 405 is divided by 41?
36
Calculate the remainder when 364 is divided by 36.
4
Calculate the remainder when 410 is divided by 85.
70
What is the remainder when 232 is divided by 78?
76
Calculate the remainder when 47 is divided by 16.
15
Calculate the remainder when 65 is divided by 31.
3
Calculate the remainder when 628 is divided by 18.
16
What is the remainder when 2942 is divided by 95?
92
What is the remainder when 68 is divided by 9?
5
Calculate the remainder when 1179 is divided by 5.
4
What is the remainder when 129 is divided by 40?
9
Calculate the remainder when 47337 is divided by 30.
27
What is the remainder when 266 is divided b